s 124 + 87?
1ab
In base 5, what is 110324 - -10?
110334
In base 4, what is -10231 + -102?
-10333
In base 14, what is -23c4 + 42a?
-1d98
In base 8, what is -12324 - -1074?
-11230
In base 14, what is 25d5d - -2?
25d61
In base 5, what is -1230444 + 201?
-1230243
In base 7, what is -4320 - 15434?
-23054
In base 16, what is -3 - 30186?
-30189
In base 9, what is -127 + 1005?
767
In base 12, what is -5a49b4 - 3?
-5a49b7
In base 6, what is 1 + -133250?
-133245
In base 4, what is 13 - -2321031?
2321110
In base 8, what is -11266 - 25?
-11313
In base 3, what is -2 - -220200200211?
220200200202
In base 15, what is -33 - -1d?
-15
In base 7, what is -311 - 131610?
-132221
In base 3, what is 21021 + -121221?
-100200
In base 9, what is 20400 + 5?
20405
In base 7, what is -656 + -1356?
-2345
In base 13, what is 128 + -839?
-711
In base 6, what is 3 + -20345001?
-20344554
In base 16, what is 3 + e4e?
e51
In base 6, what is 11510 - -3?
11513
In base 5, what is -223 + -13102?
-13330
In base 6, what is 105504 - -1?
105505
In base 14, what is 27b1 + -a?
27a5
In base 12, what is 9 - 1734?
-1727
In base 2, what is -11010110100 + -10101?
-11011001001
In base 16, what is -22 + 28b?
269
In base 2, what is -1011001100001110110010 - 101?
-1011001100001110110111
In base 10, what is 2 - -17333?
17335
In base 2, what is 111000110010110 - 10?
111000110010100
In base 5, what is -3 - 1122011?
-1122014
In base 11, what is -430 + -526?
-956
In base 8, what is -10 + 457232?
457222
In base 16, what is 5da2f + c?
5da3b
In base 15, what is -58c + -47b?
-a18
In base 10, what is -4 + -199059?
-199063
In base 12, what is -7010 - -15?
-6bb7
In base 4, what is 12 + -2110032?
-2110020
In base 6, what is 513 - -23?
540
In base 2, what is -111100011000 - -1000001?
-111011010111
In base 12, what is 12 + 1b70?
1b82
In base 2, what is 11 - 1001110010100?
-1001110010001
In base 8, what is 55 + -151?
-74
In base 2, what is -10000010111110001011001 - -11?
-10000010111110001010110
In base 13, what is -19 - -348a5?
34889
In base 9, what is -140617 - -31?
-140576
In base 11, what is -a11 - -53?
-969
In base 2, what is 101110100100010 - -100?
101110100100110
In base 14, what is 44945 - 0?
44945
In base 6, what is 45 - -1504414?
1504503
In base 9, what is 110 - 1728?
-1618
In base 13, what is 16c52 - 2?
16c50
In base 13, what is 552b6 - -2?
552b8
In base 8, what is 10 + 33211?
33221
In base 5, what is 14 + 3042441?
3043010
In base 2, what is 101101110010 - 1100?
101101100110
In base 10, what is -291 - -7?
-284
In base 4, what is 23310 - -1032?
31002
In base 12, what is -62821 - -1?
-62820
In base 12, what is 348a + -1?
3489
In base 8, what is -3 - -207215?
207212
In base 4, what is 2 - -22232313?
22232321
In base 5, what is -12314 - -2141?
-10123
In base 9, what is 1754 + 61?
1825
In base 6, what is -5 + -54144451?
-54144500
In base 4, what is 3 - -1103303?
1103312
In base 14, what is -171c542 + 2?
-171c540
In base 8, what is -5 - -3717536?
3717531
In base 12, what is 218 - a59?
-841
In base 11, what is 77811 - 3?
77809
In base 7, what is 4 + 12434455?
12434462
In base 5, what is -101300 - 14?
-101314
In base 4, what is -12001103 - 13?
-12001122
In base 4, what is -1 + 12122212?
12122211
In base 14, what is 37 + 3dc?
435
In base 9, what is -5 + 15387?
15382
In base 10, what is -21 - 652?
-673
In base 3, what is 212000201001 + -2?
212000200222
In base 9, what is -64 + -365?
-440
In base 13, what is 3 + 44aa7?
44aaa
In base 13, what is -68537 + -5?
-6853c
In base 4, what is -1210333 + 2?
-1210331
In base 3, what is -11101010021 + 11?
-11101010010
In base 2, what is 101 - 1000101110011100100?
-1000101110011011111
In base 6, what is 235234 + 42?
235320
In base 2, what is 1000111001011010 - 1000?
1000111001010010
In base 5, what is 1132 + -203?
424
In base 14, what is b + -5045?
-5038
In base 2, what is 11011 - -1000111100011111111?
1000111100100011010
In base 5, what is 20 - 141234?
-141214
In base 9, what is 3 + -1370335?
-1370332
In base 6, what is 44 + 1234?
1322
In base 10, what is 8 - 3925?
-3917
In base 8, what is 5 + -2605?
-2600
In base 7, what is -31325 + 640?
-30355
In base 7, what is 313 + -16?
264
In base 6, what is -102333 - -30?
-102303
In base 16, what is dc4 + -9?
dbb
In base 10, what is -100253 + -3?
-100256
In base 6, what is 3 - -1102042?
1102045
In base 6, what is 14530 + -43?
14443
In base 10, what is -5 - -314296?
314291
In base 16, what is 5 + 158936?
15893b
In base 11, what is 9432 + -8?
9425
In base 6, what is 5 + 415154?
415203
In base 15, what is 5b + 39?
95
In base 14, what is dc8 - 1a2?
c26
In base 13, what is 8 + 336?
341
In base 3, what is -12 - -2202201000?
2202200211
In base 14, what is 52841 + 1?
52842
In base 12, what is 7019 + -3?
7016
In base 9, what is 14 - 186?
-172
In base 10, what is 74 - 38924?
-38850
In base 13, what is 4b95b + 4?
4b962
In base 4, what is -21020102303 + 1?
-21020102302
In base 9, what is 75 - 32?
43
In base 10, what is 351 - -2923?
3274
In base 2, what is 100010110010100111010111 - 0?
100010110010100111010111
In base 14, what is 75 - -18c8?
195d
In base 15, what is -43 - 5b7?
-60a
In base 9, what is -247 + -5485?
-5743
In base 10, what is -3829 - 9?
-3838
In base 9, what is -18632 - 5?
-18637
In base 15, what is -5 + -a492c?
-a4932
In base 10, what is 10457 - 99?
10358
In base 5, what is -14 + 1430341?
1430322
In base 5, what is 102442 - -200?
103142
In base 15, what is 0 + 18a1?
18a1
In base 7, what is -66 - -51341?
51242
In base 3, what is 12222120 - 2022?
12220021
In base 5, what is -10 - -333314?
333304
In base 14, what is 12517 + 5?
1251c
In base 7, what is -505 + -1560?
-2365
In base 15, what is -8a + 14c?
b2
In base 10, what is 10 - -4162?
4172
In base 16, what is 62a - -168?
792
In base 7, what is -14456516 - -4?
-14456512
In base 10, what is 79 + -6847?
-6768
In base 15, what is 2 - -6aba?
6abc
In base 14, what is -17321 + 1?
-17320
In base 15, what is -1 + a38?
a37
In base 5, what is 1001 + -111243?
-110242
In base 3, what is -1112110 - -1012?
-1111021
In base 3, what is -1100202120 - -21?
-1100202022
In base 15, what is 4 - 18e6?
-18e2
In base 6, what is 25 - -21343?
21412
In base 9, what is -224 + 5678?
5454
In base 13, what is -1c + -21033?
-21052
In base 15, what is 382d + 2?
3830
In base 2, what is 11011110101010001 - 10010?
11011110100111111
In base 9, what is -647001 - 3?
-647004
In base 11, what is -3aa7 - -19?
-3a89
In base 14, what is -4 - -95b5?
95b1
In base 3, what is 21210021011 - 12?
21210020222
In base 5, what is 11332300 + -2?
11332243
In base 4, what is -1003313003 - -10?
-1003312333
In base 3, what is 1012212 - 2211210?
-1121221
In base 14, what is -9 + -4dc?
-507
In base 4, what is 32 - 13011?
-12313
In base 10, what is -34894 + -6?
-34900
In base 16, what is -4a2c6 + 3?
-4a2c3
In base 11, what is 5 + 69a5?
69aa
In base 16, what is 3 - -32909?
3290c
In base 7, what is -3045206 - -4?
-3045202
In base 6, what is -2005423 - -2?
-2005421
In base 3, what is 101002120201022 + -1?
101002120201021
In base 12, what is -19a40 - 16?
-19a56
In base 12, what is 5 + -224b?
-2246
In base 13, what is 10 - -5b4?
5c4
In base 3, what is 2 - -2102000?
2102002
In base 4, what is 33030 - -1011?
100101
In base 9, what is -1712810 + 7?
-1712802
In base 6, what is -13204 + 10?
-13154
In base 3, what is -1021120001100 + -10?
-1021120001110
In base 14, what is 723 - -14?
737
In base 8, what is -77 - -107?
10
In base 12, what is -50 + 52166?
52116
In base 2, what is -1001 + -110011011101100000?
-110011011101101001
In base 2, what is 110111110000001 + 10?
110111110000011
In base 16, what is 4108 + 5?
410d
In base 12, what is 473 + 38?
4ab
In base 9, what is -781151 - 8?
-781160
In base 9, what is -2 - 14646?
-14648
In base 3, what is 10111202 - 202?
10111000
In base 14, what is -6 - 26a2?
-26a8
In base 13, what is 15b - -33?
191
In base 11, what is -27a - 674?
-943
In base 5, what is -232 + 330342?
330110
In base 7, what is 0 - 16501?
-16501
In base 11, what is 3 + 2747?
274a
In base 13, what is 1a - -6412c?
64149
In base 14, what is c8 + -dd6?
-d0c
In base 8, what is 14 - 14333?
-14317
In base 12, what is -30 + 85a?
82a
In base 3, what is 2211121110112 + 2?
2211121110121
In base 13, what is 3 - -997a?
9980
In base 8, what is 2556 - 43?
2513
